s divided by 70.
38
Calculate the remainder when 2158 is divided by 4.
2
Calculate the remainder when 2004 is divided by 668.
0
What is the remainder when 1043 is divided by 283?
194
What is the remainder when 61 is divided by 50?
11
What is the remainder when 733 is divided by 16?
13
Calculate the remainder when 154 is divided by 26.
24
Calculate the remainder when 143 is divided by 34.
7
Calculate the remainder when 8 is divided by 1.
0
What is the remainder when 558 is divided by 56?
54
What is the remainder when 31 is divided by 22?
9
What is the remainder when 18479 is divided by 330?
329
What is the remainder when 98 is divided by 32?
2
What is the remainder when 72 is divided by 14?
2
What is the remainder when 330 is divided by 83?
81
Calculate the remainder when 579 is divided by 193.
0
Calculate the remainder when 268 is divided by 54.
52
Calculate the remainder when 68 is divided by 33.
2
Calculate the remainder when 131 is divided by 31.
7
Calculate the remainder when 1299 is divided by 42.
39
Calculate the remainder when 209 is divided by 107.
102
Calculate the remainder when 1460 is divided by 29.
10
What is the remainder when 5034 is divided by 80?
74
What is the remainder when 2610 is divided by 17?
9
Calculate the remainder when 731 is divided by 46.
41
Calculate the remainder when 51 is divided by 42.
9
Calculate the remainder when 577 is divided by 159.
100
Calculate the remainder when 1059 is divided by 152.
147
What is the remainder when 152 is divided by 31?
28
Calculate the remainder when 310 is divided by 9.
4
What is the remainder when 1137 is divided by 92?
33
Calculate the remainder when 271 is divided by 77.
40
What is the remainder when 448 is divided by 149?
1
Calculate the remainder when 168 is divided by 5.
3
What is the remainder when 78 is divided by 21?
15
Calculate the remainder when 15 is divided by 11.
4
What is the remainder when 1612 is divided by 65?
52
Calculate the remainder when 3147 is divided by 14.
11
Calculate the remainder when 98 is divided by 35.
28
What is the remainder when 411 is divided by 46?
43
Calculate the remainder when 133 is divided by 73.
60
What is the remainder when 248 is divided by 157?
91
Calculate the remainder when 341 is divided by 82.
13
Calculate the remainder when 347 is divided by 50.
47
Calculate the remainder when 555 is divided by 31.
28
Calculate the remainder when 91 is divided by 12.
7
Calculate the remainder when 197 is divided by 67.
63
Calculate the remainder when 152 is divided by 97.
55
What is the remainder when 292 is divided by 54?
22
What is the remainder when 251 is divided by 155?
96
What is the remainder when 319 is divided by 45?
4
What is the remainder when 6079 is divided by 5?
4
Calculate the remainder when 800 is divided by 262.
14
Calculate the remainder when 275 is divided by 14.
9
What is the remainder when 376 is divided by 31?
4
Calculate the remainder when 879 is divided by 10.
9
Calculate the remainder when 530 is divided by 76.
74
Calculate the remainder when 275 is divided by 73.
56
Calculate the remainder when 7289 is divided by 17.
13
Calculate the remainder when 158 is divided by 32.
30
Calculate the remainder when 121 is divided by 65.
56
What is the remainder when 1392 is divided by 82?
80
What is the remainder when 48 is divided by 40?
8
Calculate the remainder when 50 is divided by 5.
0
What is the remainder when 666 is divided by 16?
10
Calculate the remainder when 271 is divided by 222.
49
Calculate the remainder when 3721 is divided by 17.
15
What is the remainder when 174 is divided by 71?
32
What is the remainder when 41 is divided by 16?
9
What is the remainder when 4508 is divided by 900?
8
What is the remainder when 515 is divided by 20?
15
Calculate the remainder when 27 is divided by 6.
3
What is the remainder when 452 is divided by 226?
0
What is the remainder when 374 is divided by 37?
4
What is the remainder when 31856 is divided by 17?
15
Calculate the remainder when 23054 is divided by 183.
179
What is the remainder when 28207 is divided by 26?
23
Calculate the remainder when 214 is divided by 56.
46
What is the remainder when 4988 is divided by 24?
20
What is the remainder when 738 is divided by 53?
49
Calculate the remainder when 434 is divided by 87.
86
Calculate the remainder when 27648 is divided by 50.
48
Calculate the remainder when 560 is divided by 51.
50
What is the remainder when 268 is divided by 41?
22
What is the remainder when 195 is divided by 27?
6
What is the remainder when 4199 is divided by 20?
19
What is the remainder when 750 is divided by 43?
19
Calculate the remainder when 682 is divided by 98.
94
What is the remainder when 2412 is divided by 602?
4
What is the remainder when 350 is divided by 20?
10
Calculate the remainder when 1148 is divided by 81.
14
Calculate the remainder when 269 is divided by 30.
29
Calculate the remainder when 1738 is divided by 338.
48
Calculate the remainder when 8158 is divided by 136.
134
Calculate the remainder when 281 is divided by 36.
29
Calculate the remainder when 6568 is divided by 3281.
6
Calculate the remainder when 169 is divided by 94.
75
Calculate the remainder when 14037 is divided by 12.
9
Calculate the remainder when 1663 is divided by 52.
51
Calculate the remainder when 5190 is divided by 323.
22
What is the remainder when 288 is divided by 59?
52
What is the remainder when 117 is divided by 5?
2
What is the remainder when 1616 is divided by 28?
20
What is the remainder when 1028 is divided by 103?
101
What is the remainder when 1492 is divided by 166?
164
Calculate the remainder when 1985 is divided by 7.
4
What is the remainder when 789 is divided by 72?
69
What is the remainder when 397 is divided by 10?
7
Calculate the remainder when 7791 is divided by 18.
15
Calculate the remainder when 318 is divided by 161.
157
What is the remainder when 1997 is divided by 26?
21
What is the remainder when 208 is divided by 54?
46
What is the remainder when 903 is divided by 8?
7
What is the remainder when 562 is divided by 97?
77
What is the remainder when 5490 is divided by 4?
2
What is the remainder when 53 is divided by 10?
3
What is the remainder when 561 is divided by 57?
48
Calculate the remainder when 369 is divided by 37.
36
Calculate the remainder when 319 is divided by 313.
6
What is the remainder when 5298 is divided by 22?
18
Calculate the remainder when 1157 is divided by 565.
27
Calculate the remainder when 191 is divided by 181.
10
Calculate the remainder when 190 is divided by 126.
64
What is the remainder when 521 is divided by 289?
232
What is the remainder when 390 is divided by 59?
36
What is the remainder when 464 is divided by 217?
30
What is the remainder when 181 is divided by 31?
26
Calculate the remainder when 166 is divided by 7.
5
Calculate the remainder when 53 is divided by 15.
8
Calculate the remainder when 102 is divided by 55.
47
Calculate the remainder when 284 is divided by 36.
32
What is the remainder when 1450 is divided by 24?
10
Calculate the remainder when 222 is divided by 76.
70
What is the remainder when 2306 is divided by 163?
24
What is the remainder when 232 is divided by 75?
7
Calculate the remainder when 166 is divided by 12.
10
Calculate the remainder when 186 is divided by 86.
14
Calculate the remainder when 5029 is divided by 34.
31
Calculate the remainder when 61 is divided by 28.
5
Calculate the remainder when 109 is divided by 4.
1
What is the remainder when 49007 is divided by 48?
47
Calculate the remainder when 3983 is divided by 16.
15
Calculate the remainder when 352 is divided by 119.
114
What is the remainder when 527 is divided by 109?
91
Calculate the remainder when 876 is divided by 16.
12
Calculate the remainder when 232 is divided by 26.
24
Calculate the remainder when 9312 is divided by 27.
24
Calculate the remainder when 331 is divided by 77.
23
What is the remainder when 19456 is divided by 6?
4
Calculate the remainder when 104 is divided by 38.
28
Calculate the remainder when 470 is divided by 68.
62
Calculate the remainder when 417 is divided by 56.
25
Calculate the remainder when 36 is divided by 27.
9
What is the remainder when 1130 is divided by 95?
85
What is the remainder when 8